{"version":"1.0","type":"rich","width":"560px","height":"140px","title":"Staffel 2 &#8211; Episode 7: Von der B\u00fcrgerversammlung, neue Vorst\u00e4nde in Mariensiel und C\u00e4ci und einiges mehr","url":"https:\/\/ratsgefluester.de\/uncategorized\/staffel-2-episode-7-von-der-buergerversammlung-neue-vorstaende-in-mariensiel-und-caeci-und-einiges-mehr\/","author_name":"Ratsgefl\u00fcster - Der kommunale Politik-Talk aus Sande","author_url":"https:\/\/ratsgefluester.de","thumbnail_url":"https:\/\/ratsgefluester.de\/wp-content\/uploads\/2024\/01\/Bild-2.png","html":"<iframe width=\"560px\" height=\"140px\" src=\"https:\/\/ratsgefluester.de\/uncategorized\/staffel-2-episode-7-von-der-buergerversammlung-neue-vorstaende-in-mariensiel-und-caeci-und-einiges-mehr\/?standalonePlayer\"><\/iframe>"}

Staffel 2 &#8211; Episode 7: Von der Bürgerversammlung, neue Vorstände in Mariensiel und Cäci und einiges mehr

Ratsgeflüster - Der kommunale Politik-Talk aus Sande
